 -y - 3*q, 0 = -y - 4*q + 17. What is the highest common factor of 1 and y?
1
Suppose -54 = -l + 2*o, 0 = 5*l - 0*l + 4*o - 200. Let t = -32 - -18. Let m = t + l. Calculate the highest common factor of m and 12.
6
Let s(n) = n**3 - 13*n**2 + 14. Let a be s(13). Calculate the highest common factor of a and 14.
14
Let g be (-42)/(-10 - -4 - -4). What is the greatest common divisor of 14 and g?
7
Let c(y) = 8*y**2 - 4*y + 2. Let h be c(2). Let z be ((-8)/(-6) - 1)*195. Calculate the highest common divisor of z and h.
13
Suppose 9*z = 368 - 44. What is the greatest common factor of z and 36?
36
Suppose -3*p = -o - 36, -p + 3 = 4*o - 9. What is the highest common divisor of p and 96?
12
Suppose -4*a = -0*a. Suppose a*w = 3*w + 42. Let p be (-564)/(-14) - (-4)/w. What is the highest common divisor of 16 and p?
8
Let s be -2 - (-3*4)/3. Suppose 0 = s*y + y. Suppose 2*m + y*m = 130. Calculate the greatest common divisor of m and 13.
13
Suppose 2*q + 6 = -2*r + r, -2*r = -q - 3. Suppose r = 5*n - 129 - 81. What is the greatest common divisor of 14 and n?
14
Suppose -3*k - 4*m = -4*k + 1, -3*m = -6. Calculate the highest common factor of k and 9.
9
Let q be -1*3/((-3)/4). Let x = q - 2. Suppose -2*n + 70 = 4*v, x*v + 4*n - 22 = -2. Calculate the highest common divisor of 10 and v.
10
Let j = -14 - -22. What is the highest common divisor of 128 and j?
8
Let l = -10 + 25. Let j(s) be the third derivative of 41*s**4/24 + s**3/6 + 2*s**2. Let v be j(4). Calculate the highest common factor of l and v.
15
Let u(g) = -8*g - 10. Let i be u(-8). Let x be 3 - (-2 - 62/2). What is the highest common factor of i and x?
18
Let t = -520 + 771. Suppose 289 = 3*g - t. Let k = 8 - -12. Calculate the highest common factor of k and g.
20
Suppose -5*w + 431 = -109. Calculate the highest common divisor of 27 and w.
27
Let l = -54 + 36. Let j be (l/(-4) + -2)*4. Calculate the greatest common factor of j and 5.
5
Suppose 2*z = -1 + 9. Let u = z - -7. Calculate the greatest common divisor of u and 11.
11
Suppose -j = -5*b + 19, 2*j - 5*j = 3*b - 15. Suppose h + 0 = b. What is the greatest common divisor of 32 and h?
4
Let u be ((-720)/(-100))/((-1)/5). Let c = 80 + u. Calculate the greatest common divisor of 4 and c.
4
Let k(q) = -2*q**2 - 1. Let u be k(2). Let x = 24 - u. What is the highest common divisor of 3 and x?
3
Let n be 39*(2/(-3) + -1). Let h = n - -109. Calculate the greatest common factor of 11 and h.
11
Let g = 21 + -17. Let x be 19*(-1 + g - 2). What is the highest common divisor of x and 209?
19
Let l = -32 - -50. Let v(q) = q + 6. Let h be v(6). Calculate the greatest common divisor of h and l.
6
Let i = 18 + -11. Calculate the greatest common divisor of 14 and i.
7
Let i = -31 + 19. Let c = 22 + i. Calculate the greatest common factor of c and 80.
10
Suppose 0 = -2*r + j - 3*j + 6, 0 = -5*r + 3*j + 31. Let u be (-8)/3*(-45)/r. What is the highest common factor of u and 12?
12
Let k = -4 - -8. Let y(m) = m**3 - 4*m**2 + 1. Let p be y(k). What is the highest common factor of 1 and p?
1
Let h(l) = -4*l**3 - l**2 + l + 1. Let q be h(-1). Suppose -q + 11 = 4*j. What is the highest common divisor of 22 and j?
2
Let w = 4 + -1. Suppose -3*v = 22 - 7, 2*g + 5*v + 21 = 0. Suppose -g*j + j = -21. Calculate the greatest common factor of j and w.
3
Let c be -9*(1 + 2)/(-9). Suppose c*h + 0 = 6. Calculate the greatest common factor of h and 16.
2
Let m(b) = b**2 - 1. Let j be m(-1). Suppose 2*k + 4 = -j*k. Let f be -72*(5/(-2) - k). What is the greatest common divisor of f and 4?
4
Suppose -u = -n + 195, -5*n + 3*u + 978 = -u. Calculate the greatest common factor of n and 18.
18
Suppose l - 9 - 15 = 0. Let p be (-24)/9*(-3)/1. Calculate the highest common divisor of l and p.
8
Let t(u) be the second derivative of u**4/3 + 4*u**3/3 + 3*u**2 + 3*u. Let h be t(-5). Calculate the greatest common factor of h and 6.
6
Suppose -3*g - 18 = -45. Suppose -g = -2*t - t - p, -2*p + 10 = 4*t. What is the greatest common divisor of t and 6?
2
Let x(s) be the first derivative of 2*s**2 - 6*s - 7. Let z be x(6). Calculate the highest common factor of 2 and z.
2
Let z(l) = l**2 - 7. Let j be z(-5). Calculate the greatest common factor of j and 126.
18
Let b = 35 + 0. Calculate the greatest common factor of b and 7.
7
Let m be ((-1)/2)/((-3)/24). Let c(j) = 4*j + 8. Let o(s) = 5*s + 8. Let t(a) = -3*c(a) + 2*o(a). Let p be t(-6). What is the highest common factor of m and p?
4
Let i be (-16)/(-10)*10/4. Suppose -5*s + i + 6 = 0. Calculate the highest common divisor of 14 and s.
2
Let c = -59 - -91. Calculate the greatest common divisor of c and 160.
32
Let i(z) = 5*z - 45. Let p be i(11). What is the greatest common factor of 10 and p?
10
Suppose -3*p = -2*p + c - 32, 2*c = 2*p - 72. Let x = -22 + 39. Calculate the highest common divisor of x and p.
17
Let c(b) = b**2 - 13*b - 19. Let p be c(16). Calculate the greatest common divisor of 319 and p.
29
Let s(t) = 2*t**2 + 2. Let i be s(-3). Suppose -b = -3 - 22. Suppose -i - b = -o. What is the greatest common divisor of 9 and o?
9
Suppose 3*o - 3 = -0. Let u be o*(3 + -2) - 1. Suppose 5*x + 3*c - 60 = u, x + 2 = c + 14. What is the greatest common divisor of 8 and x?
4
Suppose 2*u = -i + 24, 2*u - i - 12 = u. Calculate the greatest common divisor of 96 and u.
12
Let q(x) = x - 5. Let l be q(5). Suppose 0 = -3*z - l*h + h + 45, z - 22 = -2*h. Calculate the highest common divisor of 8 and z.
8
Let v(t) = 3*t**2 - t + 1. Let g be v(-1). Calculate the highest common divisor of 55 and g.
5
Let p(h) = h**2 - 5*h + 3. Let q be p(5). Suppose 2*m = -4*z + 94, q*m = z - m - 46. What is the highest common divisor of z and 39?
13
Suppose 5*f - 2*o = 62, 0 = -2*f - 2*o + 4*o + 20. Let c = 1 - 1. Let n be c + (2 - -112) + -2. What is the highest common divisor of n and f?
14
Let w = -13 - -79. Calculate the highest common divisor of 22 and w.
22
Let q = 6 + -1. Suppose -3*z + 5*u + 191 = 0, -u = q*z - 437 + 72. Calculate the greatest common factor of z and 8.
8
Let w(n) = -2*n - 5. Suppose c - 3*c = 8. Let y be w(c). Suppose 0*f = -g - y*f - 8, -3*g = -2*f - 31. Calculate the greatest common factor of g and 1.
1
Let z = 4 + 8. Calculate the greatest common factor of z and 30.
6
Let i(k) = -k**2 + 9*k - 8. Let q be i(6). Let l = q - -10. Calculate the greatest common divisor of l and 8.
4
Let b be (-2)/8 - (-18)/8. Suppose b = -4*k + 3*k, 2*p = 5*k + 266. What is the highest common factor of p and 16?
16
Let g(c) = c**2 - 6*c - 1. Let f(k) = -k. Let q(d) = -4*f(d) - g(d). Let z be q(7). Let w = -16 + 49. Calculate the greatest common factor of z and w.
11
Let r(h) = h**3 + 5*h**2 - 8*h - 6. Let x be r(-6). Calculate the highest common factor of x and 15.
3
Let o = 77 + -47. Let k(d) = -d**3 + 8*d**2 - 6*d. Let j be k(5). What is the greatest common divisor of o and j?
15
Let w be 2/(-4) - (-506)/4. Suppose 46 = -10*k + 186. What is the highest common factor of w and k?
14
Suppose 4*m + 7 - 19 = 0. Suppose -y + m = -4. What is the highest common factor of 1 and y?
1
Let j be 95/3 - 7/(-21). What is the greatest common divisor of j and 128?
32
Let f(m) = 2*m + 31. Let p be f(-5). What is the highest common factor of p and 84?
21
Suppose -3*x + x = -2. Suppose -r + 1 = -x. Let j be (-6)/3 - (-6 + r). Calculate the highest common factor of j and 2.
2
Let m be 0 - ((-2)/2 - 26). Let o = m - 7. Let s be -1*-4*(1 + 0). What is the greatest common factor of s and o?
4
Suppose 2*a + 30 = 3*a. Let l(f) = 3*f + 2. Let b be l(1). What is the highest common factor of b and a?
5
Let s(d) = -d**3 + 2*d**2 + 3*d + 4. Let b be s(3). Suppose -b*n + 60 = -n. What is the highest common divisor of n and 5?
5
Let j = -200 + 311. What is the highest common divisor of j and 37?
37
Let m(a) = a**3 - a. Let s(x) = x**2 - 1. Let z be s(2). Let t be m(z). Let j(b) = -8*b. Let w be j(-2). What is the highest common divisor of w and t?
8
Let q = -11 - -31. Let t = 26 - 44. Let x be (t/(-8))/(6/80). What is the greatest common divisor of x and q?
10
Suppose 3 = 4*r - k - 4, 3*k = 4*r + 3. Suppose 0 = -5*h + d - r*d, -5*h = -4*d - 30. Suppose -h*y + 12 = -y. What is the greatest common factor of 8 and y?
4
Let f = -46 - -64. Suppose 2*q = -0*q - j + 13, 3*q + 2*j = f. Let v be ((-3